7*k - 3243. Suppose -647 - k = -14*i. Calculate the remainder when i is divided by 14.
13
Let v(k) = 2*k + 8*k**3 - 10*k - 8 + 9 + 5*k**2. Calculate the remainder when v(2) is divided by 12.
9
Suppose -3*d - 2*v = 38 - 133, -2*d + 76 = -5*v. What is the remainder when 131 is divided by d?
32
Let j(x) = 4*x**2 + 56*x + 6. Let p be j(-16). Suppose -13*i = -p - 74. Calculate the remainder when 28 is divided by i.
12
Let j = 6257 + -6233. Calculate the remainder when 1482 is divided by j.
18
Let b be ((-9)/6 - -1)/((-21)/42). What is the remainder when (-5)/(b/1) + (8 - -222) is divided by 38?
35
Let r = 927 + -941. What is the remainder when ((-2354)/(-6) + 3)/(r/(-21)) is divided by 99?
98
Suppose 7*k = 3*v + 9*k - 61, -v - 3*k + 32 = 0. Suppose -121 = h - 6*h - 4*l, 4*h + l = 88. Calculate the remainder when h is divided by v.
4
Let m = 38 - 23. Calculate the remainder when m is divided by (2 + -6)*((-72)/(-12))/(1 - 4).
7
Suppose 0*x - 224 = -2*x. Let h = 42 + x. Calculate the remainder when h is divided by 32.
26
Suppose -5*z + 719 = -3*l - 489, 2*l - 8 = 0. Calculate the remainder when z is divided by 25.
19
Suppose 0*s = 2*s, -9 = -m - s. Suppose -m*n + 10*n = 9. Suppose 0 = n*j - 13*j + 336. What is the remainder when j is divided by 44?
40
Let f(x) = 4*x**3 - 39*x**2 + 134*x - 11. What is the remainder when f(9) is divided by 326?
300
Let f(z) = 2*z**3 + 2*z**2 - 6*z + 7. Let p be f(2). Calculate the remainder when 29 is divided by 1*p + (-34)/17.
12
Let b(h) = -3*h - 1. Suppose 5*w - 65 = 5*r, -5*r - 2*w - 14 = -2*r. What is the remainder when 113 is divided by b(r)?
21
Let f be 25/3 - 2/6. Suppose -11*y + f*y + 42 = 0. What is the remainder when (116 - 80/8) + -9 is divided by y?
13
Suppose 7*x + 656 = -240. Let h = 137 + x. Calculate the remainder when 50 is divided by h.
5
Suppose -m + 5*t = 0, 2*m - 14*t = -11*t + 42. Calculate the remainder when 749 is divided by m.
29
Let q(w) = 3*w + 2. Let o(c) = 2*c**2 + 2*c + 12 - 3 + 2*c**2 - 3*c. What is the remainder when o(6) is divided by q(12)?
33
Suppose 560201 = 394*f + 527955 - 907050. Calculate the remainder when f is divided by 79.
14
Let s be 192/40*(-65)/(-2). Suppose -10*j + 8*j = -s. Let i(a) = 22*a + 306. Calculate the remainder when j is divided by i(-13).
18
Let r = 5413 - 5349. Let t(y) = -y**2 + 8*y + 12. What is the remainder when r is divided by t(9)?
1
Let f(u) = 22*u**2 + 91*u + 580. Calculate the remainder when f(-7) is divided by 221.
137
Calculate the remainder when ((-243)/54)/((-6)/(-16)) + 108 is divided by (1 + -4)*(-52)/6.
18
Suppose 4*w + 2*m - m = 367, 5*w = 5*m + 490. Let t = w + 36. Suppose -5*r - 93 + 313 = 0. What is the remainder when t is divided by r?
41
Suppose 4*g = 5*a + 379, 9 - 242 = 3*a - g. Let c be ((-399)/28)/(-3)*-12. Let q = c - a. What is the remainder when 63 is divided by q?
19
Calculate the remainder when 4204 is divided by 1470/35 - (3 + -6 - 2).
21
Suppose 27*d + 4*i - 1820 = 24*d, -2*i = 3*d - 1822. Suppose -54*l + 46*l = -d. Calculate the remainder when 152 is divided by l.
0
Let f(w) = -w**2 + 16*w - 11. Let c = 45 - -11. Let l = c + -48. What is the remainder when f(l) is divided by 28?
25
Suppose 14*z - 270 + 228 = 0. Suppose g = -2*t + 73, 3*g - 5 = z*t + 241. Calculate the remainder when 155 is divided by g.
76
Let q = -3103 + 3979. Calculate the remainder when q is divided by 14.
8
Suppose 0 + 4 = -t + 4*s, -4*t + 14 = -s. Suppose 17 + 147 = t*d - 4*c, -c + 76 = 2*d. Let m = d + -19. Calculate the remainder when m is divided by 11.
9
Let h(r) = -511*r**3 + 8*r**2 - 2*r - 10. Calculate the remainder when h(-1) is divided by 76.
55
Suppose 0 = 30*k - 12821 - 13541 + 11212. What is the remainder when k is divided by 89?
60
Calculate the remainder when (-153)/306 - (2209/(-10) - 10/(-25)) is divided by 49.
24
Suppose -2*c - 84 = -3*k, -32*c + 56 = 2*k - 30*c. What is the remainder when 1567 is divided by k?
27
Let g(a) = -19*a**3 - 112*a**2 + 3*a + 1. What is the remainder when 2253 is divided by g(-6)?
53
Let h(o) = 3*o + 5. Let n be h(2). Let k = -12 + 12. Suppose k = -4*x + 29 + n. What is the remainder when 19 is divided by x?
9
Let j = 6 - -1. Let g(n) = 3*n**3 + 7*n**2 - 17*n - 3. Let u be g(4). Let h = 238 - u. What is the remainder when j is divided by h?
2
Let o = 10826 - 10782. What is the remainder when 1494 is divided by o?
42
Let u(i) = 5*i**3 - 25*i**2 + 9*i + 8. Calculate the remainder when 454 is divided by u(5).
30
What is the remainder when 3253 is divided by 21/(6/5 + 4*1/(-4))?
103
Let o(t) = 2*t**2 - 3*t + 1. Let g be 52/(-8)*48/(-78). What is the remainder when 18/(-12)*-7 - (-2)/g is divided by o(2)?
2
Let u be (-8 - 0) + 2 + 5 + -1. Let m be (29/u)/((-3)/6). Suppose -65 + m = -3*z. What is the remainder when 44 is divided by z?
8
Let b(d) = -4*d**3 + 181*d**2 - 46*d + 53. What is the remainder when 900 is divided by b(45)?
4
Let x(d) = -d**3 + 10*d**2 - 12*d + 1. Let g be x(7). Suppose -j + g = 2*b, -3 = -5*j + 7. What is the remainder when 37 is divided by b?
6
Let w = 167949 - 167926. Suppose -2*t - 1017 = -5*t. Suppose 3*j = 6*j - t. Calculate the remainder when j is divided by w.
21
Suppose 0 = -2*b + 122 + 700. Let y = 543183 + -543165. What is the remainder when b is divided by y?
15
Let o = 12 - 8. Let l(v) = v**2 + 4*v - 18. Let q be l(-10). Suppose o*s - 2 = q. What is the remainder when 19 is divided by s?
8
Let j = 569 - 564. Suppose -6*i + 2*s = -3*i - 541, -2*i + 357 = -j*s. What is the remainder when i is divided by 66?
49
Let m(y) = -y**2 - 12*y - 4. What is the remainder when (-1)/(-2) + 7/(-22) + (-37800)/(-1188) is divided by m(-11)?
4
Suppose 2*h + 202 = 2*g, -12 + 413 = 4*g - 3*h. Calculate the remainder when 4702 is divided by g.
96
Let l(t) = -6*t - 7. Let h be l(-2). Suppose 5*x - h*y - 35 = 0, 6 = x - 5*y - 1. Suppose 0 = -x*d + 8*d - 49. Calculate the remainder when d is divided by 11.
5
Suppose 2*r - 36 = -2*x, -3*x = -4*r + 2*x + 54. Calculate the remainder when ((-47)/(-1))/(-114 - -115) is divided by r.
15
Suppose -c + 3*g = -3, 21*c - 25*c + 40 = 2*g. What is the remainder when 574 is divided by c?
7
Suppose -2476 = 18*c - 10378. Calculate the remainder when c is divided by 88.
87
Let j be 505/(-25) - (-3)/15. Let x(l) = -l - 1. Calculate the remainder when 75 is divided by x(j).
18
Let j(g) = 2*g**2 - 176*g - 248. What is the remainder when 564 is divided by j(90)?
4
Calculate the remainder when 1460 is divided by (-9 - -1) + -6 + 147.
130
What is the remainder when (-1364)/(-4) + (4/18 - 300/(-108)) is divided by 22?
14
Let m(k) = 10*k**3 - 6*k**2 + k + 14. Let n be m(-4). What is the remainder when (-4)/(-6) - n/18*1 is divided by 7?
6
Let w = 55787 - 55769. What is the remainder when 2/7 - (-1732)/14 is divided by w?
16
Suppose -2*m + 8 = 0, -4*i + 642 + 226 = -4*m. Suppose -24 = -0*o - o - 2*t, -12 = -o + 4*t. Let n = i - o. Calculate the remainder when n is divided by 29.
27
Let k(s) = -s**3 - 2*s**2 + 2*s + 7. Let y be k(-2). Suppose -4*o - 29 = -y*j, 0 = -4*j - o + 10 + 16. Calculate the remainder when 165 is divided by j.
4
Suppose 5*q - 15 = 0, 2*b + 3*q - 57 = 66. Calculate the remainder when 15/35 - b/14*-50 is divided by 41.
40
Let s(k) = -3*k**3 + 156*k**2 + 38*k + 26. What is the remainder when s(52) is divided by 34?
30
Calculate the remainder when 990 is divided by ((-518)/(-35))/((-41)/(-205)).
28
Suppose -40*b + 50*b + 450 = 0. Let g(w) = w**2 - 29. Let i be g(0). Let h = i - b. Calculate the remainder when 31 is divided by h.
15
Let d = 5570 - 3344. Suppose -25 = -5*p, -3*y + 0*p = -3*p - d. What is the remainder when y is divided by 30?
27
Suppose 4*r - 12*j + 684 = -7*j, j = -r - 171. Let c = r - -429. What is the remainder when c is divided by 7?
6
Suppose 5128 = -56*o + 3898 + 17190. Suppose a - 12 = 14. What is the remainder when o is divided by a?
25
Calculate the remainder when (-13)/((-169)/3172)*4 is divided by 20.
16
Suppose 19*v = 3*k + 23*v - 215, -k + 69 = 2*v. What is the remainder when 2384 is divided by k?
74
Let x(w) = -3*w - 28. Let b be x(-10). What is the remainder when (-4 + 3)/(2*b/(-124)) is divided by (17 - 0) + (-1 - -1)?
14
Let l(f) = -20*f**3 + 3*f**2 + f - 3. Let p be l(2). Let v = 156 + p. Suppose -q + 43 = -12. What is the rem